{"id":30,"date":"2018-01-15T16:31:42","date_gmt":"2018-01-15T16:31:42","guid":{"rendered":"http:\/\/bridge134.qodeinteractive.com\/?page_id=30"},"modified":"2025-04-28T17:46:26","modified_gmt":"2025-04-28T17:46:26","slug":"contact","status":"publish","type":"page","link":"https:\/\/tabeletto.com\/?page_id=30","title":{"rendered":"Contact"},"content":{"rendered":"<div class=\"wpb-content-wrapper\"><p>[vc_row css_animation=&#8221;&#8221; row_type=&#8221;row&#8221; use_row_as_full_screen_section=&#8221;no&#8221; type=&#8221;grid&#8221; angled_section=&#8221;no&#8221; text_align=&#8221;left&#8221; background_image_as_pattern=&#8221;without_pattern&#8221; z_index=&#8221;&#8221; css=&#8221;.vc_custom_1516095671888{padding-top: 102px !important;padding-bottom: 14px !important;}&#8221;][vc_column width=&#8221;2\/3&#8243; css=&#8221;.vc_custom_1510665036384{margin-top: 8px !important;}&#8221; offset=&#8221;vc_col-md-7&#8243;][qode_elements_holder number_of_columns=&#8221;one_column&#8221;][qode_elements_holder_item advanced_animations=&#8221;no&#8221; item_padding=&#8221;0px 5% 0px 0px&#8221;][vc_column_text]<\/p>\n<h2>Contact Or Visit Us<\/h2>\n<p>[\/vc_column_text][vc_empty_space height=&#8221;24px&#8221;][vc_column_text css=&#8221;&#8221;]To see the rest of the product range in this website, please make an appointment and visit our office in \u0130stanbul.[\/vc_column_text][vc_empty_space height=&#8221;30px&#8221;][vc_column_text css=&#8221;&#8221;]<span data-type=\"normal\"  class=\"qode_icon_shortcode  q_font_awsome_icon fa-lg  \" style=\"margin: 0px 12px 0px 0px; \"><i class=\"qodef-icon-dripicons dripicon dripicons-message qode_icon_element\" style=\"font-size: 20px;color: #000;\" ><\/i><\/span>\u00a0 \u00a0\u00a0<a style=\"color: #777;\" href=\"mailto:info@yoursite.com\">info@tabeletto.com<\/a>[\/vc_column_text][vc_empty_space height=&#8221;18px&#8221;]<div class='q_icon_with_title tiny normal_icon '><div class=\"icon_holder \" style=\" \"><span data-icon-type=\"normal\" class=\"qode_iwt_icon_holder q_font_awsome_icon fa-lg  \"><i class=\"qodef-icon-dripicons dripicon dripicons-phone qode_iwt_icon_element\" style=\"color: #000000\"><\/i><\/span><\/div><div class=\"icon_text_holder\" style=\"\"><div class=\"icon_text_inner\" style=\"\"><h5 class=\"icon_title\" style=\"\"><\/h5><p style=''>0090 532 486 24 80<\/p><\/div><\/div><\/div><div class='q_icon_with_title tiny normal_icon '><div class=\"icon_holder \" style=\" \"><span data-icon-type=\"normal\" class=\"qode_iwt_icon_holder q_font_awsome_icon fa-lg  \"><i class=\"qodef-icon-dripicons dripicon dripicons-map qode_iwt_icon_element\" style=\"color: #000000\"><\/i><\/span><\/div><div class=\"icon_text_holder\" style=\"\"><div class=\"icon_text_inner\" style=\"\"><h4 class=\"icon_title\" style=\"\"><\/h4><p style=''>Bat\u0131 Mahallesi Neyzen Tevfik Sokak, Yal\u0131 Apartman\u0131, No:9 Daire:5, Pendik \u0130STANBUL<\/p><\/div><\/div><\/div>[vc_empty_space height=&#8221;60px&#8221;][\/qode_elements_holder_item][\/qode_elements_holder][\/vc_column][vc_column width=&#8221;1\/3&#8243;][vc_empty_space][vc_single_image image=&#8221;305&#8243; img_size=&#8221;full&#8221; css=&#8221;&#8221; qode_css_animation=&#8221;&#8221;][\/vc_column][\/vc_row]<\/p>\n<\/div>","protected":false},"excerpt":{"rendered":"<p>[vc_row css_animation=&#8221;&#8221; row_type=&#8221;row&#8221; use_row_as_full_screen_section=&#8221;no&#8221; type=&#8221;grid&#8221; angled_section=&#8221;no&#8221; text_align=&#8221;left&#8221; background_image_as_pattern=&#8221;without_pattern&#8221; z_index=&#8221;&#8221; css=&#8221;.vc_custom_1516095671888{padding-top: 102px !important;padding-bottom: 14px !important;}&#8221;][vc_column width=&#8221;2\/3&#8243; css=&#8221;.vc_custom_1510665036384{margin-top: 8px !important;}&#8221; offset=&#8221;vc_col-md-7&#8243;][qode_elements_holder number_of_columns=&#8221;one_column&#8221;][qode_elements_holder_item advanced_animations=&#8221;no&#8221; item_padding=&#8221;0px 5% 0px 0px&#8221;][vc_column_text] Contact Or Visit Us [\/vc_column_text][vc_empty_space height=&#8221;24px&#8221;][vc_column_text css=&#8221;&#8221;]To see the rest of the product range in this website, please make an&#8230;<\/p>\n","protected":false},"author":1,"featured_media":0,"parent":0,"menu_order":0,"comment_status":"closed","ping_status":"closed","template":"full_width.php","meta":{"content-type":"","footnotes":""},"class_list":["post-30","page","type-page","status-publish","hentry"],"_links":{"self":[{"href":"https:\/\/tabeletto.com\/index.php?rest_route=\/wp\/v2\/pages\/30","targetHints":{"allow":["GET"]}}],"collection":[{"href":"https:\/\/tabeletto.com\/index.php?rest_route=\/wp\/v2\/pages"}],"about":[{"href":"https:\/\/tabeletto.com\/index.php?rest_route=\/wp\/v2\/types\/page"}],"author":[{"embeddable":true,"href":"https:\/\/tabeletto.com\/index.php?rest_route=\/wp\/v2\/users\/1"}],"replies":[{"embeddable":true,"href":"https:\/\/tabeletto.com\/index.php?rest_route=%2Fwp%2Fv2%2Fcomments&post=30"}],"version-history":[{"count":10,"href":"https:\/\/tabeletto.com\/index.php?rest_route=\/wp\/v2\/pages\/30\/revisions"}],"predecessor-version":[{"id":308,"href":"https:\/\/tabeletto.com\/index.php?rest_route=\/wp\/v2\/pages\/30\/revisions\/308"}],"wp:attachment":[{"href":"https:\/\/tabeletto.com\/index.php?rest_route=%2Fwp%2Fv2%2Fmedia&parent=30"}],"curies":[{"name":"wp","href":"https:\/\/api.w.org\/{rel}","templated":true}]}}